{"id":282,"date":"2024-09-24T20:06:32","date_gmt":"2024-09-24T20:06:32","guid":{"rendered":"https:\/\/aspen-ks.com\/web\/?post_type=product&#038;p=282"},"modified":"2024-09-24T20:06:32","modified_gmt":"2024-09-24T20:06:32","slug":"biossays-bc2200","status":"publish","type":"product","link":"https:\/\/aspen-ks.com\/web\/product\/biossays-bc2200\/","title":{"rendered":"Biossays BC2200"},"content":{"rendered":"","protected":false},"excerpt":{"rendered":"<div>\n<div>Feature:<\/div>\n<div>\u25cf Throughput: Constant 1600 tests\/hour<\/div>\n<div>\u25cf 24 hours ready to use Specification Sample Module<\/div>\n<div>\u25cf 280 sample positions can be loaded continuously on sample disk with barcode label recognition<\/div>\n<div>\u25cf Micropipette technology, sample volume per test can be reduced to 2.0 \u03bcL<\/div>\n<div>\u25cf Batch, Random access, STAT channel available Reagent Handing<\/div>\n<div>\u25cf Disku me dy reagent\u00eb R1 &amp; R2, secili ka 45 pozicione reagent\u00ebsh, temperatur\u00eb 5\u2103-15\u2103, me lexues barkodi reagjent<\/div>\n<div>\u25cf Reagent inventory real-time detection, display the remaining number of tests<\/div>\n<div>\u25cf Automatic reagent replace function, continuous loading, applied to examination system for mass inspection Photometry System<\/div>\n<div>\u25cf Holographic concavity flat field grating, rear spectroscopy technology<\/div>\n<div>\u25cf Wavelength range: 340-800 nm, simultaneously on the 16 wavelengths for detection,<\/div>\n<div>\u25cf Stable optical path detection system, wide absorbance linear range, high resolution ratio Constant Temperature System<\/div>\n<div>\u25cf 330 reaction cups totally<\/div>\n<div>\u25cf Constant temperature by water bath system, makes temperature stable<\/div>\n<div>\u25cf Real-time temperature monitoring, displaying and alerting function Operating System<\/div>\n<div>\u25cf Full monitoring, flexibility and convenience, touch screen<\/div>\n<div>\u25cf LIS interface, via ethernet, bidirectional communication Dimensions Weigh<\/div>\n<div>\u25cf 122x119x140cm, 440Kg<\/div>\n<\/div>\n","protected":false},"featured_media":283,"comment_status":"open","ping_status":"closed","template":"","meta":{"neve_meta_sidebar":"","neve_meta_container":"","neve_meta_enable_content_width":"off","neve_meta_content_width":100,"neve_meta_title_alignment":"","neve_meta_author_avatar":"","neve_post_elements_order":"","neve_meta_disable_header":"","neve_meta_disable_footer":"","neve_meta_disable_title":""},"product_cat":[42,18],"product_tag":[],"class_list":{"0":"post-282","1":"product","2":"type-product","3":"status-publish","4":"has-post-thumbnail","6":"product_cat-biochemical","7":"product_cat-snibe-diagnostic","9":"first","10":"instock","11":"shipping-taxable","12":"product-type-simple"},"acf":[],"_links":{"self":[{"href":"https:\/\/aspen-ks.com\/web\/wp-json\/wp\/v2\/product\/282","targetHints":{"allow":["GET"]}}],"collection":[{"href":"https:\/\/aspen-ks.com\/web\/wp-json\/wp\/v2\/product"}],"about":[{"href":"https:\/\/aspen-ks.com\/web\/wp-json\/wp\/v2\/types\/product"}],"replies":[{"embeddable":true,"href":"https:\/\/aspen-ks.com\/web\/wp-json\/wp\/v2\/comments?post=282"}],"wp:featuredmedia":[{"embeddable":true,"href":"https:\/\/aspen-ks.com\/web\/wp-json\/wp\/v2\/media\/283"}],"wp:attachment":[{"href":"https:\/\/aspen-ks.com\/web\/wp-json\/wp\/v2\/media?parent=282"}],"wp:term":[{"taxonomy":"product_cat","embeddable":true,"href":"https:\/\/aspen-ks.com\/web\/wp-json\/wp\/v2\/product_cat?post=282"},{"taxonomy":"product_tag","embeddable":true,"href":"https:\/\/aspen-ks.com\/web\/wp-json\/wp\/v2\/product_tag?post=282"}],"curies":[{"name":"wp","href":"https:\/\/api.w.org\/{rel}","templated":true}]}}