{"id":446,"date":"2024-10-18T16:37:39","date_gmt":"2024-10-18T16:37:39","guid":{"rendered":"https:\/\/aspen-ks.com\/web\/?post_type=product&#038;p=446"},"modified":"2024-10-18T16:37:39","modified_gmt":"2024-10-18T16:37:39","slug":"maglumi-2000","status":"publish","type":"product","link":"https:\/\/aspen-ks.com\/web\/product\/maglumi-2000\/","title":{"rendered":"MAGLUMI 2000"},"content":{"rendered":"","protected":false},"excerpt":{"rendered":"<p>Maglumi 2000, is a chemiluminescence Immunoassay (CLIA) System with a throughput of 180 tests per hour, capable of performing more than 166 parameters.<\/p>\n<ul>\n<li>High throughput of 180 tests\/hour<\/li>\n<li>Capable of performing more than 166 parameters providing convenience.<\/li>\n<li>Sample position &#8211; 144; Reagent position &#8211; 15<\/li>\n<li>ABEI and Nano magnetic microbead enhances stability and sensitivity of Maglumi reagents thereby providing accurate results.<\/li>\n<li>Convenience of 50 and 100 tests pack size<\/li>\n<li>Calibrator and QC provided inside the kit provides economy and convenience<\/li>\n<li>FDA approved &#8211; ensuring better quality<\/li>\n<\/ul>\n<p><strong>Reagent Feature\u00a0<\/strong>Flash chemiluminescence label \u2013 ABEI, with high sensitivity and stem stability Fast and efficient separation of nano magnetic microbeads Mode of operation &#8211; Random, Batch &amp; STAT\u00a0<strong>Sample Loading\u00a0<\/strong>Deri n\u00eb 144 tuba mostrash Ngarkimi i vazhduesh\u00ebm, STAT disponohet Njohja e lexuesit t\u00eb barkodit ose analizuesi i num\u00ebruar automatikisht Zona e kampionit n\u00eb frigorifer me furnizim t\u00eb pavarur me energji elektrike Ngarkimi i reagentit 15 reagent n\u00eb bord Ngarkimi i vazhduesh\u00ebm RFID lexon t\u00eb gjitha informacionet e reagentit Zona e reagentit n\u00eb frigorifer T\u00eb tjera\u00a0<strong>Clot detection<\/strong>\u00a0Zbulimi i nivelit t\u00eb l\u00ebngjeve Raporti automatik dhe opsional p\u00ebr hollimin e lart\u00eb t\u00eb mostr\u00ebs Inkubacion konstant 37\u2070 C<\/p>\n","protected":false},"featured_media":447,"comment_status":"open","ping_status":"closed","template":"","meta":{"neve_meta_sidebar":"","neve_meta_container":"","neve_meta_enable_content_width":"off","neve_meta_content_width":100,"neve_meta_title_alignment":"","neve_meta_author_avatar":"","neve_post_elements_order":"","neve_meta_disable_header":"","neve_meta_disable_footer":"","neve_meta_disable_title":""},"product_cat":[19,18],"product_tag":[],"class_list":{"0":"post-446","1":"product","2":"type-product","3":"status-publish","4":"has-post-thumbnail","6":"product_cat-immunology","7":"product_cat-snibe-diagnostic","9":"first","10":"instock","11":"shipping-taxable","12":"product-type-simple"},"acf":[],"_links":{"self":[{"href":"https:\/\/aspen-ks.com\/web\/wp-json\/wp\/v2\/product\/446","targetHints":{"allow":["GET"]}}],"collection":[{"href":"https:\/\/aspen-ks.com\/web\/wp-json\/wp\/v2\/product"}],"about":[{"href":"https:\/\/aspen-ks.com\/web\/wp-json\/wp\/v2\/types\/product"}],"replies":[{"embeddable":true,"href":"https:\/\/aspen-ks.com\/web\/wp-json\/wp\/v2\/comments?post=446"}],"wp:featuredmedia":[{"embeddable":true,"href":"https:\/\/aspen-ks.com\/web\/wp-json\/wp\/v2\/media\/447"}],"wp:attachment":[{"href":"https:\/\/aspen-ks.com\/web\/wp-json\/wp\/v2\/media?parent=446"}],"wp:term":[{"taxonomy":"product_cat","embeddable":true,"href":"https:\/\/aspen-ks.com\/web\/wp-json\/wp\/v2\/product_cat?post=446"},{"taxonomy":"product_tag","embeddable":true,"href":"https:\/\/aspen-ks.com\/web\/wp-json\/wp\/v2\/product_tag?post=446"}],"curies":[{"name":"wp","href":"https:\/\/api.w.org\/{rel}","templated":true}]}}